 Suppose a = -3*w + 4*w. What is the units digit of w?
7
Let b be ((-9)/(-6))/(2/20). Suppose l - 12 = -4*u, -3*u = 5*l + 2 - 11. Suppose -5*c - 17 = 4*f, -c - b = -l*f - 5*f. What is the units digit of f?
2
Let p(v) be the third derivative of v**4/24 - v**3/2 - v**2. Let g be p(5). Suppose -2*s - 87 = -5*i, -g*i + 38 = -0*i - 4*s. What is the tens digit of i?
1
Let u = 117 + -44. What is the tens digit of u?
7
Let g = 14 - 38. Let q = g - -37. What is the units digit of q?
3
Suppose -4*w + 12 = -b - 2*b, -w + 2 = -b. Let s(x) = -90*x**2 + 0*x**3 + x**3 + 85*x**2 - 5*x + 7. What is the units digit of s(w)?
3
Let i(y) = -y + 5. Let f be i(4). Suppose 5*h - f - 9 = 0. Let k = h - -2. What is the units digit of k?
4
Suppose -4*i = -5*i + 2*u + 62, -u = 5*i - 255. What is the units digit of i?
2
Let q = -19 + 11. What is the units digit of (0 - 4/q)*2?
1
Suppose -5*q - 4 = -t + 5*t, -24 = -t + 5*q. What is the tens digit of 27 - (3 - 1 - t)?
2
What is the units digit of (-2 - (-7 + 1)) + 16/1?
0
Let q be 2/(-3) - (-56)/12. Suppose 5 = i + q. What is the units digit of i?
1
Let x = 42 - -5. What is the units digit of x?
7
Let c(t) = 2*t**2 + 14*t + 16. What is the units digit of c(-8)?
2
Let d(n) = 3*n - 8. What is the units digit of d(12)?
8
Let a(f) = -f + 8. Let z be a(9). Let b(n) = n**2 - 2*n - 1. Let w be b(z). Suppose 0 = 2*v - w - 4. What is the units digit of v?
3
Suppose 3*i = -2*m + 156, 0*m + 2*m - 2*i = 146. What is the units digit of m?
5
Suppose 0 = 2*w + 4*i - 8, 0 = 4*w + i - 6*i - 81. Suppose 4*n + 3*k + 2*k + 57 = 0, 0 = 4*n - 3*k + 17. Let g = w + n. What is the units digit of g?
6
Let b = -181 + 418. What is the hundreds digit of b?
2
What is the tens digit of 27 + 1 - (-2 + 0)?
3
Suppose 5*i - 2*n = -29, 4*i = 3*i - 4*n - 19. Let t(l) = l**2 + 5*l + 3. What is the units digit of t(i)?
7
Let o(k) = -k**3 + 7*k**2 - 4*k + 7. What is the units digit of o(5)?
7
Suppose -5*r + 4*t + 0*t + 26 = 0, -2*r + 9 = -3*t. Suppose -3*c + r*c = 42. What is the units digit of c?
4
Let p(x) = x + 1. Let r be p(4). Suppose -r*i + 3*h = 7*h - 45, -4*h = -5*i + 5. What is the units digit of i?
5
Suppose -97 = -3*d - 4*p, 5*d + p + 2*p = 158. Suppose -4*h = -103 + d. Suppose -6 = -z + 5*n, 2*n - n = -3*z + h. What is the units digit of z?
6
Suppose 3*v + 8 = 20. Suppose 0 = 5*i - v*b - 66, 0 = 2*b - 6 + 14. What is the tens digit of i?
1
Suppose -2*v + 11 - 1 = 0. Let h be -1 - (0 - (v - -1)). Suppose 0 = 3*f + h*q - 0*q - 19, -f + 9 = 3*q. What is the units digit of f?
3
Suppose 0 = 3*q + 12, 5*i + 2*q - 8 = -q. Let f = i + -5. What is the units digit of -6*f*(-1 - -2)?
6
Suppose 3*i - 739 = -2*v, 4*i - 8*i = 5*v - 983. What is the tens digit of i?
4
Let p(c) = c**2 + 3*c - 1. Let f be p(-4). Suppose -84 = -f*q - g, 2*q - 4*g - 69 = -q. What is the tens digit of q?
2
Let d(c) = c**2 + 11*c + 6. Let g be d(-10). Let t = g - -13. What is the units digit of t?
9
What is the tens digit of 1/(342/(-86) - -4)?
4
Let i be (-6)/27 - (-106)/(-9). What is the tens digit of ((-66)/(-4))/((-6)/i)?
3
What is the units digit of -11 - -52 - (-1 + -2)?
4
Let l be (0 - -9 - 0) + 0. Let r = 0 + l. What is the units digit of r?
9
Let y(d) = d**3 - 10*d**2 + 11*d - 11. Let j = 4 + 5. What is the units digit of y(j)?
7
Suppose 0 = -5*n - 20 + 65. What is the units digit of n/(-9)*11*-2?
2
Suppose 0 = -3*m - 2*m + s - 76, -s - 84 = 5*m. Let q = m + 32. What is the units digit of q?
6
Let d = 178 - 104. What is the tens digit of d?
7
Suppose 8*j - 100 = 4*j. Let p = j - 11. Let l = 28 - p. What is the units digit of l?
4
What is the hundreds digit of 13/(273/(-6)) - 1297/(-7)?
1
Let z(p) = 17*p**2 - 3*p + 4. What is the hundreds digit of z(3)?
1
Let h(r) = 4*r + 2. Let z be h(-3). Let g = 16 + z. What is the units digit of g?
6
Suppose 90 = 5*d + 10. Let k = -7 + d. What is the units digit of k?
9
Let v be 6/(-15) - (-116)/(-10). Suppose 0 = -8*f + 12 + 60. What is the units digit of -3*3/(f/v)?
2
Let h be 1/(-2) - (-38)/(-4). Let y(q) = -q**2 - 13*q - 9. What is the tens digit of y(h)?
2
Suppose 2*f + 5*l - 21 = 0, 5*l + 3 = 3*f + 9. Let r = 25 - f. What is the tens digit of r?
2
Suppose 63 = -5*b + j + 20, -j - 47 = 5*b. Let t(u) = -u**3 - 9*u**2 - 2*u - 5. What is the units digit of t(b)?
3
Let r be (-2 + 0)*(-1 - 0). Let p(d) = d**2 + 4*d + 3. Let k be p(-4). Suppose 0 = -q + k*m, 2 = -q + 3*m + r*m. What is the units digit of q?
3
Let i = -9 - -92. Suppose -5*h = 5, -2*y = -3*h + 20 - i. Suppose 3*v = 5*v + 2*s - y, 0 = -v + 5*s - 15. What is the units digit of v?
0
What is the hundreds digit of 264/10*30/6?
1
What is the tens digit of 1/(-6) - (-1001)/66?
1
Let p = -5 + 12. What is the units digit of p?
7
Let q = 6 + -7. Let u be 0 + 2 - -2 - q. Suppose -4*v = -u*v + 8. What is the units digit of v?
8
Let h(b) = b**3 - 7*b**2 + 10*b + 10. What is the tens digit of h(5)?
1
Let k(g) = g**3 + 11*g**2 + 7*g + 2. Let a be k(-10). Suppose -h = -3*h + a. What is the units digit of h?
6
Suppose -4*v = -2*v - 8. Suppose -v*b + 4*d - 3*d = -39, 0 = -5*d + 5. What is the tens digit of b?
1
Let r = 123 + -80. Suppose 2*m = m + r. What is the tens digit of m?
4
Let u(d) = -3*d - 6. Let y be u(7). Let f = y - -43. Let n = -10 + f. What is the units digit of n?
6
Let d(y) = 23*y**2 - y. Let h be d(1). Suppose 5*v + 4*o + 1 = -0*o, 2*v - 4*o = h. Suppose v*k = -3*s + 12, k = 3*s - 2*s + 10. What is the units digit of k?
7
What is the units digit of 126/4 + (-3)/(-6)?
2
Let s(x) = -x**2 + 4*x + 4. Let h be s(6). Let p = h - -11. What is the tens digit of 21 - 3 - p*-1?
2
Let w(y) = 2*y**3 - 4*y**2 + y + 2. Let p(h) = h - 8. Let k be p(10). What is the units digit of w(k)?
4
Let u(q) = q**3 + 12*q**2 + 11*q + 2. What is the units digit of u(-11)?
2
Let z = -4 - -6. Suppose 0 = a + 4, -2*k - a = z*k - 32. What is the units digit of k?
9
Let h(l) = -92*l - 6. What is the units digit of h(-2)?
8
Let q = 2 - 10. Let m = q + 6. What is the units digit of (0 - 1) + (m - -6)?
3
Suppose -5*a + 5*k = -275, 4*a - k = -5*k + 228. Let r = a - 35. What is the tens digit of r?
2
Suppose 0 = -2*f + 11 - 5. Suppose 2*l + 10 = f*k, 3*l - 3*k = -4*k + 7. What is the tens digit of 11/(l - 0/(-2))?
1
Suppose 5*h + m = -0*h + 56, -5*h - 5*m + 60 = 0. Suppose 3*i + 7 = -h. What is the units digit of 3/(9/i) - -16?
4
What is the units digit of 1 + 494/14 + 4/(-14)?
6
Let w(p) be the second derivative of p**5/20 - 5*p**4/12 - 4*p**3/3 + p**2 - 3*p. Let z be w(6). Let g = z - -21. What is the tens digit of g?
1
Suppose -3*a + 2*u + 48 = 3*u, 4*u - 64 = -4*a. Let o(g) = -3*g + 13. Let b be o(6). What is the tens digit of 1/((b/a)/(-5))?
1
What is the units digit of 9/(27/(-6)) + 49 + 3?
0
Suppose -2*c - 592 = -4*v, c + 612 = 3*v + 168. What is the hundreds digit of v?
1
Suppose p + 51 + 29 = -2*s, -s + p - 37 = 0. What is the units digit of (s/12 + 1)*-4?
9
Let v(i) = i + 3. Let g be v(-8). Let c(d) = -5*d + 5. What is the tens digit of c(g)?
3
Let k = 27 - 21. Let n(v) = -4*v - 2*v + v**3 - 5*v**2 + v + 3. What is the units digit of n(k)?
9
Suppose -4*i + 30 = -5*w - 14, 3*w = 12. Let u = i + -7. What is the units digit of u?
9
Let i = 834 - 563. What is the units digit of i?
1
What is the tens digit of 7*6/189 + 673/9?
7
Suppose 106 = 2*p + 8. What is the tens digit of p?
4
Let n(j) = 87*j - 41. What is the hundreds digit of n(4)?
3
Let d = 13 + -2. Suppose d + 15 = c. What is the tens digit of c?
2
Suppose 3*j = -2*l + l + 5, 2*j = -l + 4. What is the units digit of l/11 + (-100)/(-55)?
2
Suppose 22 = b - 7*n + 3*n, -9 = -2*b + n. Let d be -2 + 23*b/(-2). Let m = -12 - d. What is the units digit of m?
3
Let v(y) = 8 + 11 + 8*y**2 - 7*y**2. What is the units digit of v(0)?
9
Let n = 168 + -63. What is the hundreds digit of n?
1
What is the units digit of (0 + 49)*(-5 - -6)?
9
Let c = 0 + 2. Let z(d) = d + 2. Let t be z(c). Suppose t*v - 2*f = 44, -2*f - 34 = -5*v + 2*v. What is the tens digit of v?
1
Suppose -5*w + 75 = -4*w. What is the units digit of w?
5
What is the units digit of 597/(-2)*24/(-18)?
8
Let w(u) = -u + 5*u - 5*u - 5. What is the units digit of w(-7)?
2
Let t(w) = w**3 - 4*w**2 + 4*w + 4. What is the tens digit of t(4)?
2
Suppose -47 + 3 = -4*k. Let h = 16 - k. Let b(w) = w**2 - w - 